{"id":1779,"date":"2024-11-24T21:49:34","date_gmt":"2024-11-24T20:49:34","guid":{"rendered":"https:\/\/sos-computer.fr\/blog\/?page_id=1779"},"modified":"2026-04-01T18:03:09","modified_gmt":"2026-04-01T17:03:09","slug":"qui-suis-je","status":"publish","type":"page","link":"https:\/\/sos-computer.fr\/blog\/qui-suis-je\/","title":{"rendered":"QUI SUIS-JE ?"},"content":{"rendered":"\n<p>\u00c0 la fin des ann\u00e9es 80, c&rsquo;\u00e9tait le d\u00e9but d&rsquo;une nouvelle \u00e8re, et un \u00e2ge d&rsquo;or pour l&rsquo;informatique : Windows \u00e9t\u00e9 n\u00e9 ! <\/p>\n\n\n\n<p>Ce nouveau syst\u00e8me allait remplacer le DOS et r\u00e9volutionner notre ergonomie de travail en apportant \u00e0 l&rsquo;utilisateur un environnement graphique multi-fen\u00eatres et un tout nouveau p\u00e9riph\u00e9rique : la souris !<\/p>\n\n\n\n<p>C&rsquo;est \u00e0 cette \u00e9poque que ma carri\u00e8re \u00e0 d\u00e9but\u00e9e, en 1988. la premi\u00e8re d\u00e9cennie, j&rsquo;ai poursuivi une carri\u00e8re technico-commerciale en informatique, chez les chainistes B2B (Cisi-Microdis, ZH Computer, ISTA GE Capital&#8230;)<\/p>\n\n\n\n<p>Apr\u00e8s avoir fait mes armes en bureautique et en PAO, c\u2019est par compl\u00e9mentarit\u00e9 que je me suis naturellement sp\u00e9cialis\u00e9 en DAO et CAO.<\/p>\n\n\n\n<p>Tout le long de ma carri\u00e8re, j\u2019ai travaill\u00e9 avec enthousiasme aupr\u00e8s de plusieurs entreprises o\u00f9 je formais les apprenants sur les logiciels bureautiques.<\/p>\n\n\n\n<p>Les ann\u00e9es 2000 ont vu la d\u00e9mocratisation des r\u00e9seaux informatiques, l&rsquo;explosion de l&rsquo;internet, et implicitement les probl\u00e8mes de s\u00e9curit\u00e9 informatique et de confidentialit\u00e9. <\/p>\n\n\n\n<p>Dipl\u00f4m\u00e9 en tant que formateur, je prends plaisir \u00e0 pr\u00e9parer mes cours, \u00e0 faire de la veille technologique sur les nouveaut\u00e9s dans le domaine informatique, \u00e0 am\u00e9liorer mes techniques p\u00e9dagogiques.<\/p>\n\n\n\n<p>Dans le cadre de mon parcours professionnel de formateur, j\u2019ai \u00e9t\u00e9 amen\u00e9 \u00e0 travailler pour le GRETA et la CCI SUD FORMATION. J\u2019ai pu animer plusieurs modules d\u2019environ 30 heures pour des classes de BTS Gestion PMI\/PME, Assistant de direction, Conseiller commercial&#8230; Chaque groupe \u00e9tait compos\u00e9 de 25-30 \u00e9l\u00e8ves avec lesquels j\u2019ai abord\u00e9 diff\u00e9rents sujets en fonction de la sp\u00e9cificit\u00e9 de leur secteur d\u2019activit\u00e9 (PAO \u2013 Logiciels bureautiques).<\/p>\n\n\n\n<p>Ces interventions en tant que formateur m\u2019ont permis de d\u00e9velopper mon sens du relationnel et ma capacit\u00e9 d\u2019adaptation puisque j\u2019ai \u00e9t\u00e9 amen\u00e9 \u00e0 partager mes comp\u00e9tences aupr\u00e8s de diff\u00e9rents publics. Je privil\u00e9gie \u00e9galement l\u2019individualisation dans mes actions p\u00e9dagogiques afin d\u2019accompagner chaque \u00e9l\u00e8ve dans la r\u00e9ussite de leur cursus scolaire.<\/p>\n\n\n\n<p><\/p>\n","protected":false},"excerpt":{"rendered":"<p>\u00c0 la fin des ann\u00e9es 80, c&rsquo;\u00e9tait le d\u00e9but d&rsquo;une nouvelle \u00e8re, et un \u00e2ge d&rsquo;or pour l&rsquo;informatique : Windows \u00e9t\u00e9 n\u00e9 ! Ce nouveau syst\u00e8me allait remplacer le DOS et r\u00e9volutionner notre ergonomie de travail en apportant \u00e0 l&rsquo;utilisateur un environnement graphique multi-fen\u00eatres et un tout nouveau p\u00e9riph\u00e9rique : la souris ! C&rsquo;est \u00e0 &hellip;<br \/><a href=\"https:\/\/sos-computer.fr\/blog\/qui-suis-je\/\" class=\"more-link pen_button pen_element_default pen_icon_arrow_double\">Continue reading <span class=\"screen-reader-text\">QUI SUIS-JE ?<\/span><\/a><\/p>\n","protected":false},"author":1,"featured_media":0,"parent":0,"menu_order":0,"comment_status":"closed","ping_status":"closed","template":"","meta":{"footnotes":""},"class_list":["post-1779","page","type-page","status-publish","hentry"],"_links":{"self":[{"href":"https:\/\/sos-computer.fr\/blog\/wp-json\/wp\/v2\/pages\/1779","targetHints":{"allow":["GET"]}}],"collection":[{"href":"https:\/\/sos-computer.fr\/blog\/wp-json\/wp\/v2\/pages"}],"about":[{"href":"https:\/\/sos-computer.fr\/blog\/wp-json\/wp\/v2\/types\/page"}],"author":[{"embeddable":true,"href":"https:\/\/sos-computer.fr\/blog\/wp-json\/wp\/v2\/users\/1"}],"replies":[{"embeddable":true,"href":"https:\/\/sos-computer.fr\/blog\/wp-json\/wp\/v2\/comments?post=1779"}],"version-history":[{"count":4,"href":"https:\/\/sos-computer.fr\/blog\/wp-json\/wp\/v2\/pages\/1779\/revisions"}],"predecessor-version":[{"id":1823,"href":"https:\/\/sos-computer.fr\/blog\/wp-json\/wp\/v2\/pages\/1779\/revisions\/1823"}],"wp:attachment":[{"href":"https:\/\/sos-computer.fr\/blog\/wp-json\/wp\/v2\/media?parent=1779"}],"curies":[{"name":"wp","href":"https:\/\/api.w.org\/{rel}","templated":true}]}}