{"id":639,"date":"2019-11-10T05:54:50","date_gmt":"2019-11-10T03:54:50","guid":{"rendered":"https:\/\/sos-computer.fr\/blog\/?page_id=639"},"modified":"2020-02-05T00:10:27","modified_gmt":"2020-02-04T23:10:27","slug":"philosophie","status":"publish","type":"page","link":"https:\/\/sos-computer.fr\/blog\/philosophie\/","title":{"rendered":"PHILOSOPHIE"},"content":{"rendered":"\n<hr class=\"wp-block-separator\"\/>\n\n\n\n<p style=\"background-color:#81d742\" class=\"has-text-color has-background has-white-color\"><strong>INFORMATIQUE \u00c9CO-RESPONSABLE<\/strong> :<\/p>\n\n\n\n<p>Stop aux datacenters \u00e9nergivores !<br>Saviez vous que l&rsquo;internet et le 3\u00e8me plus gros pollueur de la plan\u00e8te ?<br>En effet, toutes les donn\u00e9es (agendas, contacts, emails, clouds, sites internets, r\u00e9seaux sociaux&#8230;) sont stock\u00e9s dans des centres de stockages qu&rsquo;il faut alimenter en \u00e9lectricit\u00e9 pour leur fonctionnement, mais aussi refroidir par la climatisation tant ils d\u00e9gagent de chaleur.<br><br>Pour lutter contre cela, il est possible d&rsquo;agir \u00e0 plusieurs niveaux :<br>\u2022 r\u00e9duire le nombre d&rsquo;ordinateurs physiques en les virtualisant sur un hyperviseur type VMware ;<br>\u2022 quitter les datacenters en passant par l&rsquo;auto-h\u00e9bergement qui permet de stocker toutes vos donn\u00e9es chez vous.<br><br>Chez <strong>SOS-COMPUTER<\/strong> nous avons appliqu\u00e9 ces 2 solutions :<br>\u2022 tous les serveurs sont virtualis\u00e9s sur un hyperviseur type VMware ;<br>\u2022 toutes nos donn\u00e9es (agendas, contacts, emails, clouds, site internet&#8230;) sont stock\u00e9s localement en auto-h\u00e9bergement.<br><br>Ainsi, avec ces solutions, nous contribuons \u00e0 r\u00e9duire notre impact sur la plan\u00e8te. Et vous ?<\/p>\n\n\n\n<p><\/p>\n\n\n\n<hr class=\"wp-block-separator\"\/>\n\n\n\n<p style=\"background-color:#ff7a00\" class=\"has-text-color has-background has-white-color\"><strong>INFORMATIQUE AUTO-HEBERG\u00c9E<\/strong> :<\/p>\n\n\n\n<p>Stop \u00e0 l\u2019espionnage !<br>Faire le choix de passer \u00e0 l\u2019auto-h\u00e9bergement, c&rsquo;est avant tout la motivation de la confidentialit\u00e9 de ses donn\u00e9es et du respect de la vie priv\u00e9e.<br><br>Les GAFAM sont sans doute les plus grands espions de la plan\u00e8te. Vos mails sont analys\u00e9s, votre navigation internet est pist\u00e9e, vos agendas et vos contacts ne sont pas s\u00e9curis\u00e9s et votre t\u00e9l\u00e9phone, si indispensable, est votre pire ennemi. Tout cela sans compter les scandales r\u00e9guliers des r\u00e9seaux sociaux et plus r\u00e9cemment, les assistants vocaux.<br><br>Depuis plusieurs ann\u00e9es, tous les serveurs <strong>SOS-COMPUTER<\/strong> (agendas, contacts, blog, cloud, mails, multim\u00e9dia\u2026) sont en auto-h\u00e9bergement local, hors des datacenters, \u00e0 l\u2019abri des regards indiscrets de l\u2019internet, des analyses et des publicit\u00e9s. Et vous, qu&rsquo;attendez-vous ?<\/p>\n\n\n\n<p><\/p>\n\n\n\n<hr class=\"wp-block-separator\"\/>\n\n\n\n<p style=\"background-color:#dd3333\" class=\"has-text-color has-background has-white-color\"><strong>INFORMATIQUE SECURIS\u00c9E :<\/strong><\/p>\n\n\n\n<p>La r\u00e9plication des donn\u00e9es, la redondance de serveurs et l\u2019acc\u00e8s s\u00e9curis\u00e9 \u00e0 un domaine sont les bases de la s\u00e9curit\u00e9 informatique.<br><br>Pour \u00e9viter le d\u00e9tournement du site internet, toutes les requ\u00eates vers celui-ci sont certifi\u00e9es par <a href=\"https:\/\/fr.wikipedia.org\/wiki\/Domain_Name_System_Security_Extensions\" target=\"_blank\" rel=\"noreferrer noopener\" aria-label=\"DNSSEC (s\u2019ouvre dans un nouvel onglet)\">DNSSEC<\/a> et les liaisons sont s\u00e9curis\u00e9es et crypt\u00e9es.<br><br>Pour \u00e9viter la saturation des services par des attaques malveillantes, les adresses IP incrimin\u00e9es sont automatiquement bannies et ne peuvent plus acc\u00e9der du domaine.<br><br>Toutes ces protections sont implant\u00e9es sur le domaine <strong>sos-computer.fr<\/strong> et sur nos solutions d&rsquo;auto-h\u00e9bergement.<\/p>\n\n\n\n<hr class=\"wp-block-separator\"\/>\n\n\n\n<p><\/p>\n","protected":false},"excerpt":{"rendered":"<p>INFORMATIQUE \u00c9CO-RESPONSABLE : Stop aux datacenters \u00e9nergivores !Saviez vous que l&rsquo;internet et le 3\u00e8me plus gros pollueur de la plan\u00e8te ?En effet, toutes les donn\u00e9es (agendas, contacts, emails, clouds, sites internets, r\u00e9seaux sociaux&#8230;) sont stock\u00e9s dans des centres de stockages qu&rsquo;il faut alimenter en \u00e9lectricit\u00e9 pour leur fonctionnement, mais aussi refroidir par la climatisation tant &hellip;<br \/><a href=\"https:\/\/sos-computer.fr\/blog\/philosophie\/\" class=\"more-link pen_button pen_element_default pen_icon_arrow_double\">Continue reading <span class=\"screen-reader-text\">PHILOSOPHIE<\/span><\/a><\/p>\n","protected":false},"author":1,"featured_media":0,"parent":0,"menu_order":0,"comment_status":"closed","ping_status":"closed","template":"","meta":{"footnotes":""},"class_list":["post-639","page","type-page","status-publish","hentry"],"_links":{"self":[{"href":"https:\/\/sos-computer.fr\/blog\/wp-json\/wp\/v2\/pages\/639","targetHints":{"allow":["GET"]}}],"collection":[{"href":"https:\/\/sos-computer.fr\/blog\/wp-json\/wp\/v2\/pages"}],"about":[{"href":"https:\/\/sos-computer.fr\/blog\/wp-json\/wp\/v2\/types\/page"}],"author":[{"embeddable":true,"href":"https:\/\/sos-computer.fr\/blog\/wp-json\/wp\/v2\/users\/1"}],"replies":[{"embeddable":true,"href":"https:\/\/sos-computer.fr\/blog\/wp-json\/wp\/v2\/comments?post=639"}],"version-history":[{"count":69,"href":"https:\/\/sos-computer.fr\/blog\/wp-json\/wp\/v2\/pages\/639\/revisions"}],"predecessor-version":[{"id":1540,"href":"https:\/\/sos-computer.fr\/blog\/wp-json\/wp\/v2\/pages\/639\/revisions\/1540"}],"wp:attachment":[{"href":"https:\/\/sos-computer.fr\/blog\/wp-json\/wp\/v2\/media?parent=639"}],"curies":[{"name":"wp","href":"https:\/\/api.w.org\/{rel}","templated":true}]}}